base 11?
-97
What is -7 (base 16) in base 6?
-11
What is 3 (base 13) in base 4?
3
-10 (base 6) to base 4
-12
Convert -1a (base 15) to base 3.
-221
2 (base 3) to base 13
2
Convert -6 (base 15) to base 4.
-12
Convert 101 (base 5) to base 12.
22
Convert 1 (base 3) to base 12.
1
What is -2b (base 12) in base 13?
-29
Convert 1 (base 4) to base 15.
1
244 (base 7) to base 14
94
What is 23 (base 11) in base 16?
19
What is 10 (base 2) in base 9?
2
2 (base 15) to base 7
2
What is -246 (base 12) in base 13?
-204
43 (base 8) to base 6
55
-52 (base 6) to base 2
-100000
What is -22 (base 12) in base 6?
-42
What is 10 (base 4) in base 12?
4
1 (base 6) to base 15
1
Convert -1 (base 8) to base 13.
-1
5 (base 8) to base 6
5
Convert 12200 (base 3) to base 13.
ba
-1 (base 4) to base 5
-1
-14 (base 9) to base 12
-11
Convert 5 (base 12) to base 11.
5
-20002 (base 3) to base 13
-c8
What is -100 (base 4) in base 3?
-121
4 (base 14) to base 2
100
What is 41 (base 5) in base 8?
25
Convert 1 (base 6) to base 9.
1
What is 1 (base 16) in base 6?
1
Convert 1 (base 5) to base 4.
1
-8 (base 14) to base 9
-8
-105 (base 14) to base 4
-3021
-553 (base 7) to base 9
-344
-8 (base 10) to base 15
-8
What is -4 (base 16) in base 3?
-11
4 (base 11) to base 8
4
What is -11 (base 2) in base 15?
-3
1000001 (base 2) to base 5
230
What is 178 (base 10) in base 7?
343
What is -2343 (base 5) in base 11?
-297
Convert 1 (base 6) to base 10.
1
Convert 0 (base 2) to base 7.
0
Convert -2 (base 15) to base 7.
-2
2 (base 8) to base 6
2
Convert -2 (base 15) to base 12.
-2
What is -5 (base 14) in base 9?
-5
What is 1 (base 9) in base 5?
1
Convert 2 (base 7) to base 14.
2
-b1 (base 16) to base 4
-2301
What is 31 (base 8) in base 12?
21
What is 0 (base 3) in base 15?
0
What is 20021 (base 3) in base 8?
251
What is -45 (base 10) in base 16?
-2d
-50 (base 13) to base 7
-122
-121 (base 5) to base 3
-1100
Convert -7 (base 16) to base 4.
-13
23 (base 10) to base 15
18
Convert -173 (base 10) to base 16.
-ad
-5 (base 13) to base 10
-5
Convert 0 (base 7) to base 6.
0
Convert -101100 (base 2) to base 16.
-2c
42 (base 15) to base 10
62
Convert 9 (base 12) to base 2.
1001
-3 (base 15) to base 3
-10
-5 (base 16) to base 4
-11
What is -8 (base 12) in base 4?
-20
Convert -140 (base 5) to base 3.
-1200
What is 5a (base 11) in base 8?
101
Convert 19 (base 16) to base 10.
25
Convert 10 (base 2) to base 13.
2
Convert -13 (base 10) to base 4.
-31
Convert -2 (base 9) to base 4.
-2
Convert -2 (base 9) to base 12.
-2
What is -189 (base 12) in base 2?
-11111001
What is -2 (base 9) in base 10?
-2
Convert 11 (base 14) to base 5.
30
What is 1 (base 7) in base 11?
1
Convert 2 (base 12) to base 13.
2
Convert 113 (base 6) to base 8.
55
1 (base 10) to base 7
1
-213 (base 9) to base 12
-126
Convert 10 (base 12) to base 8.
14
What is 1 (base 6) in base 8?
1
Convert -6 (base 7) to base 14.
-6
-1 (base 12) to base 15
-1
-1 (base 9) to base 10
-1
Convert 74 (base 11) to base 13.
63
Convert 2 (base 11) to base 9.
2
What is 24 (base 6) in base 11?
15
10 (base 7) to base 15
7
What is -171 (base 14) in base 4?
-10213
13 (base 7) to base 13
a
145 (base 7) to base 10
82
What is 5 (base 15) in base 12?
5
-322 (base 4) to base 16
-3a
6 (base 9) to base 2
110
Convert 27 (base 16) to base 14.
2b
What is 47 (base 8) in base 13?
30
Convert -32 (base 5) to base 10.
-17
What is 10 (base 3) in base 8?
3
What is -11 (base 3) in base 10?
-4
What is 101 (base 2) in base 11?
5
26 (base 11) to base 12
24
What is a (base 16) in base 14?
a
What is 4 (base 11) in base 14?
4
What is 3 (base 5) in base 10?
3
Convert -21 (base 9) to base 16.
-13
40 (base 12) to base 6
120
What is -14 (base 5) in base 10?
-9
Convert 11 (base 2) to base 8.
3
What is b (base 14) in base 10?
11
What is 10 (base 2) in base 14?
2
-541 (base 7) to base 4
-10102
5 (base 9) to base 8
5
What is -134 (base 5) in base 6?
-112
What is -4c (base 16) in base 5?
-301
What is -10 (base 3) in base 4?
-3
Convert -4 (base 16) to base 13.
-4
-2 (base 8) to base 2
-10
What is -2 (base 15) in base 5?
-2
What is 3 (base 5) in base 3?
10
13 (base 11) to base 7
20
Convert -4 (base 13) to base 6.
-4
What is -1 (base 7) in base 8?
-1
Convert -10111 (base 2) to base 10.
-23
What is 11a (base 12) in base 6?
434
What is 19 (base 12) in base 8?
25
101 (base 11) to base 13
95
What is -96 (base 16) in base 15?
-a0
What is 18 (base 11) in base 3?
201
What is 83 (base 9) in base 16?
4b
1331 (base 6) to base 4
11113
What is 2 (base 14) in base 8?
2
15 (base 7) to base 15
c
40 (base 5) to base 15
15
30 (base 13) to base 11
36
What is -154 (base 12) in base 6?
-544
Convert 3 (base 16) to base 9.
3
What is 40 (base 9) in base 14?
28
What is -3 (base 13) in base 11?
-3
-50 (base 6) to base 11
-28
-20 (base 9) to base 3
-200
What is 17 (base 10) in base 16?
11
-5 (base 12) to base 16
-5
What is -2 (base 3) in base 11?
-2
What is -19 (base 15) in base 10?
-24
Convert 1 (base 5) to base 6.
1
Convert 7 (base 14) to base 16.
7
What is 0 (base 9) in base 12?
0
Convert -80 (base 11) to base 15.
-5d
What is -72 (base 12) in base 8?
-126
101 (base 2) to base 14
5
What is 1111 (base 2) in base 16?
f
Convert 21212 (base 3) to base 10.
212
Convert 2 (base 4) to base 11.
2
What is a (base 16) in base 9?
11
What is 51 (base 7) in base 12?
30
Convert 2 (base 10) to base 3.
2
What is 0 (base 11) in base 6?
0
Convert -2 (base 13) to base 16.
-2
Convert -63 (base 13) to base 12.
-69
Convert 1300 (base 4) to base 6.
304
-83 (base 14) to base 10
-115
Convert 335 (base 8) to base 3.
22012
1 (base 15) to base 16
1
What is -32 (base 6) in base 7?
-26
What is -11112 (base 3) in base 2?
-1111010
What is -1213 (base 5) in base 6?
-503
What is 0 (base 14) in base 8?
0
What is -1 (base 6) in base 9?
-1
What is -183 (base 10) in base 8?
-267
What is -32 (base 6) in base 16?
-14
Convert 46 (base 12) to base 15.
39
-11 (base 11) to base 2
-1100
-3 (base 4) to base 13
-3
Convert b9 (base 15) to base 16.
ae
What is -17 (base 12) in base 7?
-25
Convert -b (base 16) to base 13.
-b
Convert -1 (base 3) to base 11.
-1
-33 (base 6) to base 11
-1a
Convert -306 (base 9) to base 10.
-249
What is -2 (base 16) in base 12?
-2
12 (base 6) to base 12
8
Convert 10 (base 2) to base 15.
2
What is 4a (base 15) in base 4?
1012
Convert 10 (base 15) to base 3.
120
Convert 36 (base 15) to base 6.
123
Convert -2 (base 12) to base 3.
-2
Convert -7 (base 14) to base 15.
-7
Convert 3 (base 11) to base 10.
3
Convert -65 (base 11) to base 16.
-47
Convert 6 (base 14) to base 2.
110
-213 (base 5) to base 9
-64
Convert 623 (base 7) to base 9.
375
-22 (base 4) to base 16
-a
What is 84 (base 14) in base 9?
138
32 (base 5) to base 12
15
10 (base 5) to base 9
5
What is -1 (base 9) in base 16?
-1
What is 53 (base 16) in base 8?
123
What is 0 (base 12) in base 11?
0
0 (base 15) to base 4
0
What is 14 (base 6) in base 14?
a
-e (base 15) to base 7
-20
What is -9a (base 11) in base 14?
-7b
10 (base 6) to base 16
6
What is 10011 (base 2) in base 4?
103
43 (base 8) to base 3
1022
Convert 100 (base 2) to base 7.
4
Convert -6e (base 15) to base 5.
-404
Convert -201 (base 4) to base 13.
-27
What is 7 (base 8) in base 12?
7
Convert -10 (base 7) to base 6.
-11
Convert 11100 (base 2) to base 11.
26
-4 (base 14) to base 13
-4
Convert -9 (base 12) to base 16.
-9
Convert -63 (base 15) to base 9.
-113
-7 (base 10) to base 5
-12
What is -245 (base 10) in base 7?
-500
1110 (base 2) to base 8
16
What is 1 (base 8) in base 9?
1
What is -5 (base 10) in base 9?
-5
130 (base 5) to base 9
44
-13 (base 11) to base 15
-e
Convert 213 (base 4) to base 16.
27
What is 108 (base 10) in base 4?
1230
What is -10 (base 5) in base 15?
-5
-21 (base 8) to base 12
-15
Convert 11 (base 12) to base 3.
111
What is 1234 (base 5) in base 3?
21012
What is 10 (base 3) in base 16?
3
Convert 4a (base 15) to base 2.
1000110
What is -10 (base 2) in base 16?
-2
Convert -10 (base 16) to base 13.
-13
What is -42 (base 9) in base 5?
-123
What is -1 (base 4) in base 8?
-1
Convert -211 (base 8) to base 13.
-a7
Convert 13 (base 15) to base 9.
20
Convert 14 (base 6) to base 11.
a
What is 12 (base 3) in base 9?
5
What is 2 (base 16) in base 5?
2
25 (base 13) to base 7
43
Convert 1 (base 16) to base 14.
1
-54 (base 6) to base 2
-100010
-1